-1
Suppose 34 = -2*c - 4*s, -c + 4*s + 59 = -4*c. Let a = c + 21. Let k(r) = 2*r**2 + 5*r - r + r - 3. Calculate k(a).
9
Let r(p) = 14*p + 9. Let c(z) = -3*z. Let g(d) = -4*c(d) - r(d). Give g(-4).
-1
Let r = 6061 - 6066. Let h(u) = 1 + 0*u - 3 + 2*u. Give h(r).
-12
Suppose 2*n + 0 = 4*g + 18, -5*g = 3*n + 6. Let m(q) = -n - 7*q - 3*q + 9*q. What is m(-6)?
3
Suppose -2*d + 0 - 10 = 0. Let l(w) = -2*w + 2. Determine l(d).
12
Let l(v) = -v**3 - 11*v**2 - v - 9. Let q be (-1230)/110 - 8/(-44). Calculate l(q).
2
Let s(o) = -13 - 3*o + 12 + 14*o. Suppose 0 = -3*z + 14*z + 11. Determine s(z).
-12
Suppose -3*x = 9 - 3. Let n be (0/(-4))/(x - -3). Let i(q) = q**2 + 5 - 1 - 6*q + 0*q + 5*q. Determine i(n).
4
Let b be 11 - (-2)/4*0. Let a(o) = -o - 2. Suppose 4*m + 3 + 5 = 0. Let g(h) = -6*h - 10. Let d(p) = b*a(p) + m*g(p). Give d(4).
2
Let c = -5 - -1. Let s(x) = -3*x + 11. Let o(u) = 8*u + 23. Let b(q) = -3*q - 8. Let t(p) = 11*b(p) + 4*o(p). Let j(h) = 4*s(h) - 11*t(h). What is j(c)?
4
Let i(x) be the first derivative of -1/3*x**3 + 3/2*x**2 + x + 9. Calculate i(5).
-9
Let f(u) = u + 10. Let r = -104 - -63. Let q = 41 + r. Determine f(q).
10
Let p = -331 - -339. Let f(j) = j - 13. Give f(p).
-5
Let y be 0 - (-1 + 2)*-5. Let t(a) be the first derivative of -a**3/3 + 3*a**2 - 6*a + 2. Give t(y).
-1
Suppose 2*c = -9 - 15. Let r be (-95)/10 + 2/4. Let j = c - r. Let m(d) = -d**3 - 4*d**2 - 5*d - 3. What is m(j)?
3
Let y(k) = -k**3 + 4*k + 3. Suppose 4*c = 3*d + 186, 0 = -0*c - 3*c + 3*d + 141. Let j = -47 + c. Determine y(j).
3
Let i(w) = 51*w - 216*w - 3 + 52*w + 59*w + 50*w. Give i(-4).
13
Let f(v) = -7 + 0*v**3 - v + v**2 + 2*v**3 + 6. Give f(2).
17
Let b(p) = -p**3 + 9*p**2 - 7*p - 5. Let d be ((-122)/(-4) - -1) + 8/16. Suppose 7*j - 24 - d = 0. Determine b(j).
3
Let u be ((-1)/2)/(1 - (-38)/(-36)). Let d(c) = -u - c + 26 - 8. Determine d(9).
0
Let y(x) = 2*x + 10. Let j be y(-5). Suppose j = p + 7 - 10. Let k(f) = 1 + 3*f**3 - 6*f**3 + 3*f + 4*f**p + 0*f**2 + 3*f**2. What is k(-2)?
-1
Let c(t) = 0*t - 6*t + 6*t + 2*t. Suppose -3*j - i = -10, 3*j = 2*i - 0*i + 7. Suppose -3*h - 2*r + j*r = 11, 5*h + 5 = -5*r. Give c(h).
-6
Let k(i) be the third derivative of 0*i - 2*i**2 + 1/3*i**3 + 0 + 1/24*i**4. Let u be -8 - 3/(12/(-16)). What is k(u)?
-2
Let f(j) = 2*j + 5. Let w(y) = 6*y + 14. Let q(s) = -8*f(s) + 3*w(s). Calculate q(3).
8
Let r(z) be the second derivative of 0 - 8*z - 1/12*z**4 + 5/6*z**3 - 2*z**2. Determine r(6).
-10
Let q = -62 - -27. Let h = q + 41. Let l(b) = -5*b**3 - 7*b**2 - 12*b - 10. Let c(m) = -2*m**3 - 2*m**2 - 4*m - 3. Let n(z) = -8*c(z) + 3*l(z). Determine n(h).
6
Let s = -116 - -120. Let i(o) be the third derivative of 0*o**3 + 0 + 0*o - 1/24*o**4 + s*o**2 + 1/60*o**5. Calculate i(3).
6
Let m(b) be the third derivative of -b**5/30 - b**4/8 + b**3/6 + 112*b**2. Suppose -3*q + 4*q = -3. Give m(q).
-8
Let a be (-1 + 2)*(-2)/(-1). Let n(l) = 7*l + 109. Let p be n(-15). Let s(q) = 2 + q - p - a*q. What is s(-4)?
2
Suppose -n + 16 = 3*n. Suppose 3*i - n = 2. Let b(y) be the first derivative of -y**4/2 + 2*y**3/3 + 3*y**2/2 - 3*y + 5. Calculate b(i).
-5
Suppose -5 - 3 = -4*o. Suppose o*t + 0 + 8 = 0. Let w(x) be the third derivative of -x**4/24 - x**3/2 + 44*x**2. Give w(t).
1
Suppose 3*t + 5*s = 7*t + 119, -5*t - 3*s = 121. Let g be 5*(3 + t/10). Let c(u) = 5*u + u**g - 9 + 3*u - 2*u + 0*u**2. Determine c(-7).
-2
Let y(c) = 4*c**2 - 4*c**2 - 7*c - 3 - c**2. Suppose 0 = -9*z - 1651 + 1588. Calculate y(z).
-3
Let h(g) = -g**3 - 14*g**2 - 8*g - 3. Let t(s) = 2*s**2 + 2*s - 1. Let j(l) = -h(l) - 4*t(l). Give j(-6).
7
Let r(f) be the third derivative of -f**5/60 + 19*f**4/24 - 12*f**3 + 7*f**2 - f. Calculate r(5).
-2
Let w(g) = 53*g + 4*g**2 - 3 - g**3 + 4 - 9*g - 42*g. Determine w(4).
9
Let j(h) = h**2 + 3*h + 3. Let f be j(-4). Suppose -f - 13 = -5*q. Let t(b) = b**3 - 2*b**2 + 7*b**2 + 2*b + q + 0*b. Calculate t(-3).
16
Let g(z) be the second derivative of z**8/6720 + z**4/3 - 4*z. Let m(a) be the third derivative of g(a). Determine m(2).
8
Let j(f) = -f**2 + 10*f - 9. Let q be j(7). Let r = q - 1. Let z(v) = -r + 3 - 7*v - v**2 - 3 + 2. Give z(-6).
-3
Let n(z) be the third derivative of 5*z**4/24 + z**3/6 + 2*z**2. Let i = -239 + 240. Calculate n(i).
6
Let p(n) be the first derivative of n**2 - 2*n - 257. What is p(1)?
0
Let w(x) = 3*x**2 - 13*x - 6. Let d be 64/6 - (-4)/12. Let y(b) = -b**2 + 4*b + 2. Let r(m) = d*y(m) + 4*w(m). What is r(7)?
-9
Let n(i) = -157 - i + 85 + 74 - 5*i**2. Let z be ((-6)/(-4))/((-3)/(-4)). What is n(z)?
-20
Let w(r) be the second derivative of 0 + 10*r - 1/2*r**2 - 1/6*r**3. Give w(0).
-1
Let z be 2/(-4) - 3/(-6). Suppose 2*v + 0*v - 14 = z. Suppose 12 = v*h - 5*h. Let u(r) = -r**2 + 4*r + 5. Give u(h).
-7
Suppose 5*j + 0 = -4*k + 2, -3*j = -3*k - 12. Let n be ((-3)/k)/((-15)/(-30)). Let w(b) = -b**3 + 3*b**2 + b - 1. Give w(n).
2
Let f(n) = -n**3 + n**2 + 6*n - 1. Let b(v) = v**2 + 5*v - 1. Let i(z) = 6*b(z) - 5*f(z). Calculate i(-1).
-5
Let c(r) = -r**3 - 6*r**2 + 2*r - 10. Suppose 2*k + 8 + 6 = 0. Give c(k).
25
Let i = 2349 - 2345. Let g(x) = -4*x + 2 + 0*x**2 - 4*x**2 + 5*x**2. What is g(i)?
2
Let w(q) = q**2 + 4*q - 2. Let r = -533 + 535. Calculate w(r).
10
Let w(s) = 5*s**3 - s**2 - s - 1. Let m be (19/(-2))/((-4)/40). Let p = m + -96. Calculate w(p).
-6
Let w(n) = n + 10 + 12 - 34 + 11. Determine w(1).
0
Let j be (-40)/(-220) - (-574)/(-11). Let y be (-4)/16 + j/(-16). Let s(v) = -4 + y*v - 2*v + v - 4*v. Give s(-5).
6
Let l = -3 + 5. Suppose 4*m - 22 = 3*s, 0*s - 3*s - 2*m = -l. Let n(g) = -7*g. Let p(i) = -i. Let x(f) = n(f) - 6*p(f). Give x(s).
2
Let k be (31 + -32)*4/(4/11). Let b(z) = -z - 17. Calculate b(k).
-6
Let a(q) = q**2 - 2*q - 3. Let j(u) = -u**3 - 3*u**2 + 3*u - 1. Let d be j(-4). Let t = 16 - 13. Suppose t = -d*s - 3. Calculate a(s).
5
Let x(u) = u**3 + 10*u**2 - 11*u + 1. Let g be x(-11). Let p be (-33 + g)/((-1)/2). Let f be p/12 + (-2)/6. Let t(q) = -q**3 + 5*q**2 + q - 5. What is t(f)?
0
Let y be 9/(((-27)/(-6))/(-3)). Let u = 8 - 6. Let f(b) = -b**u - 3 + 0*b**2 - 7*b - 3. Determine f(y).
0
Let c(z) = 9*z - 2. Suppose 3*j - 5*t - 6 = 0, -5*t - 92 = -4*j - 89. Calculate c(j).
-29
Let u = 781 + -774. Let y(h) be the third derivative of -h**6/120 + h**5/10 + h**4/4 + 4*h**3/3 + h**2. Calculate y(u).
1
Let g(o) = -o**2 - 3*o + 4. Suppose 7*p - p = 246. Suppose -q - 66 = -p. Let c = -30 - q. Calculate g(c).
-6
Let s(v) = -7*v**2 - 3*v + 14. Let g(t) = -11*t**2 - 5*t + 21. Let h(f) = -5*g(f) + 8*s(f). What is h(0)?
7
Let v be 0/3 + 1 - -5. Let c(m) = -50*m**2 - 7 + 6*m - 51*m**3 + 50*m**3 - 59*m**2 + 114*m**2. What is c(v)?
-7
Let j(i) be the second derivative of i**4/12 - i**3/6 - i**2/2 + 152*i. Give j(3).
5
Let x(z) be the first derivative of -z**4/4 - 4*z**3/3 + z**2/2 + 2*z - 250. What is x(-4)?
-2
Let y(a) be the first derivative of a**3/3 - 15*a**2/2 - 4*a + 612. Determine y(8).
-60
Let m(w) be the second derivative of w**4/2 + w**3 + 2*w**2 - 29*w. Let i(n) = -5*n**2 - 5*n - 3. Let f(r) = -5*i(r) - 4*m(r). Calculate f(-3).
5
Suppose 5*f = -4*m + 29, -3*m - 4*f = -17 - 5. Let b be 56/(-24) + 2/m. Let p(a) = a + 2. What is p(b)?
0
Let v(w) = -w**3 + 2*w**2 - 1. Suppose -5*j - 510 = -11*j. Let o = j + -83. What is v(o)?
-1
Let d(z) be the first derivative of 2*z**3 - 5/2*z**2 + 18 + 2*z - 1/4*z**4. Calculate d(5).
2
Let o be 8/28 - (-120)/21. Let n = 39 - 34. Let l(t) = t**2 + t - 1. Let x(u) = 4*u**2 + 10*u + 1. Let q(a) = n*l(a) - x(a). Calculate q(o).
0
Let l be (-13 + 1)*2/3. Let a(o) be the first derivative of -o**3/3 - 7*o**2/2 + 5*o - 29. Calculate a(l).
-3
Let i(d) be the third derivative of -d**6/120 - 7*d**5/60 + d**4/24 + d**3 + 69*d**2. Determine i(-5).
-49
Let s be -2*(0 - (-3 - -4)). Let c(t) = 3*t**2 - 6*t**2 - t**3 - 3*t + 2*t**2 + s + 4*t**2. Calculate c(2).
0
Let k(l) = -l + 1 - 2 + 15 + 4*l + 11. Give k(-9).
-2
Let p(g) be the second derivative of -g**5/20 + g**4/12 - g**3/6 + 3*g**2/2 + 4*g. Let m be p(0). Let v(h) = -2*h - 2*h + 4 + 0*h + 0*h. Give v(m).
-8
Let h be -3*2*(-16)/48. Let g(n) = -2*n - h*n - 2 + 5*n + 13. Calculate g(-6).
5
Let b(t) = 7*t**2 - 2*t - 185 + t**3 + 94 - 4*t + 87 - t**2. Determine b(-7).
-11
Let p(v) = 5*v**3 - v**2 - v - 1. Sup